 the remainder when 4995 is divided by 17?
14
Calculate the remainder when 969 is divided by 63.
24
What is the remainder when 36344 is divided by 34?
32
What is the remainder when 491 is divided by 60?
11
What is the remainder when 1127 is divided by 11?
5
What is the remainder when 159 is divided by 145?
14
Calculate the remainder when 628 is divided by 30.
28
Calculate the remainder when 124 is divided by 109.
15
Calculate the remainder when 166 is divided by 47.
25
Calculate the remainder when 186 is divided by 21.
18
Calculate the remainder when 637 is divided by 204.
25
What is the remainder when 7589 is divided by 69?
68
Calculate the remainder when 52 is divided by 1.
0
What is the remainder when 68 is divided by 25?
18
What is the remainder when 16734 is divided by 135?
129
Calculate the remainder when 132 is divided by 2.
0
Calculate the remainder when 74 is divided by 5.
4
What is the remainder when 1155 is divided by 385?
0
Calculate the remainder when 24 is divided by 14.
10
What is the remainder when 155 is divided by 30?
5
Calculate the remainder when 71 is divided by 15.
11
What is the remainder when 101 is divided by 31?
8
What is the remainder when 822 is divided by 55?
52
What is the remainder when 115 is divided by 41?
33
Calculate the remainder when 33 is divided by 8.
1
What is the remainder when 107 is divided by 22?
19
What is the remainder when 11 is divided by 11?
0
Calculate the remainder when 1919 is divided by 10.
9
What is the remainder when 9358 is divided by 12?
10
Calculate the remainder when 397 is divided by 19.
17
What is the remainder when 262 is divided by 11?
9
What is the remainder when 1914 is divided by 27?
24
What is the remainder when 1024 is divided by 114?
112
Calculate the remainder when 870 is divided by 13.
12
What is the remainder when 11116 is divided by 80?
76
Calculate the remainder when 483 is divided by 44.
43
What is the remainder when 12282 is divided by 13?
10
Calculate the remainder when 196 is divided by 42.
28
What is the remainder when 7808 is divided by 57?
56
Calculate the remainder when 570 is divided by 176.
42
What is the remainder when 13293 is divided by 12?
9
Calculate the remainder when 107 is divided by 27.
26
Calculate the remainder when 86 is divided by 45.
41
Calculate the remainder when 98 is divided by 4.
2
Calculate the remainder when 393 is divided by 36.
33
What is the remainder when 35 is divided by 18?
17
Calculate the remainder when 53 is divided by 21.
11
What is the remainder when 1513 is divided by 753?
7
Calculate the remainder when 30 is divided by 4.
2
Calculate the remainder when 7461 is divided by 24.
21
Calculate the remainder when 104 is divided by 41.
22
Calculate the remainder when 152 is divided by 23.
14
What is the remainder when 5072 is divided by 24?
8
Calculate the remainder when 211 is divided by 43.
39
What is the remainder when 94 is divided by 39?
16
What is the remainder when 64 is divided by 15?
4
What is the remainder when 379 is divided by 74?
9
Calculate the remainder when 1613 is divided by 2.
1
Calculate the remainder when 2997 is divided by 15.
12
Calculate the remainder when 133 is divided by 37.
22
Calculate the remainder when 48 is divided by 6.
0
What is the remainder when 599 is divided by 24?
23
Calculate the remainder when 309 is divided by 102.
3
What is the remainder when 303 is divided by 9?
6
What is the remainder when 114 is divided by 9?
6
What is the remainder when 1383 is divided by 37?
14
Calculate the remainder when 517 is divided by 74.
73
Calculate the remainder when 87 is divided by 33.
21
Calculate the remainder when 911 is divided by 117.
92
What is the remainder when 6671 is divided by 11?
5
What is the remainder when 9949 is divided by 199?
198
Calculate the remainder when 318 is divided by 16.
14
What is the remainder when 277 is divided by 175?
102
What is the remainder when 643 is divided by 35?
13
Calculate the remainder when 482 is divided by 74.
38
What is the remainder when 104 is divided by 37?
30
Calculate the remainder when 13152 is divided by 26.
22
Calculate the remainder when 516 is divided by 31.
20
What is the remainder when 173 is divided by 29?
28
What is the remainder when 1393 is divided by 460?
13
Calculate the remainder when 2575 is divided by 38.
29
What is the remainder when 43125 is divided by 61?
59
Calculate the remainder when 1870 is divided by 117.
115
Calculate the remainder when 67 is divided by 23.
21
What is the remainder when 291 is divided by 280?
11
What is the remainder when 1743 is divided by 869?
5
Calculate the remainder when 5020 is divided by 27.
25
What is the remainder when 372 is divided by 98?
78
What is the remainder when 3078 is divided by 77?
75
Calculate the remainder when 288 is divided by 97.
94
What is the remainder when 227 is divided by 46?
43
What is the remainder when 2589 is divided by 262?
231
Calculate the remainder when 191 is divided by 52.
35
Calculate the remainder when 3628 is divided by 191.
190
What is the remainder when 151 is divided by 31?
27
Calculate the remainder when 527 is divided by 268.
259
Calculate the remainder when 269 is divided by 77.
38
What is the remainder when 31 is divided by 6?
1
Calculate the remainder when 3806 is divided by 5.
1
Calculate the remainder when 202 is divided by 63.
13
What is the remainder when 1508 is divided by 27?
23
What is the remainder when 2481 is divided by 823?
12
What is the remainder when 183 is divided by 79?
25
Calculate the remainder when 177 is divided by 12.
9
What is the remainder when 1910 is divided by 9?
2
What is the remainder when 18 is divided by 6?
0
Calculate the remainder when 164 is divided by 155.
9
Calculate the remainder when 9062 is divided by 5.
2
Calculate the remainder when 189 is divided by 75.
39
What is the remainder when 908 is divided by 70?
68
Calculate the remainder when 1084 is divided by 228.
172
Calculate the remainder when 111 is divided by 52.
7
What is the remainder when 527 is divided by 5?
2
What is the remainder when 10558 is divided by 179?
176
What is the remainder when 1194 is divided by 48?
42
Calculate the remainder when 72 is divided by 52.
20
Calculate the remainder when 68 is divided by 17.
0
Calculate the remainder when 762 is divided by 45.
42
What is the remainder when 341 is divided by 299?
42
Calculate the remainder when 74 is divided by 12.
2
What is the remainder when 45 is divided by 36?
9
Calculate the remainder when 152 is divided by 13.
9
What is the remainder when 304 is divided by 130?
44
What is the remainder when 4257 is divided by 147?
141
Calculate the remainder when 193 is divided by 15.
13
What is the remainder when 1279 is divided by 425?
4
Calculate the remainder when 199 is divided by 10.
9
What is the remainder when 128 is divided by 13?
11
What is the remainder when 239 is divided by 20?
19
Calculate the remainder when 19 is divided by 12.
7
What is the remainder when 936 is divided by 89?
46
What is the remainder when 97 is divided by 74?
23
Calculate the remainder when 209 is divided by 1.
0
What is the remainder when 425 is divided by 108?
101
Calculate the remainder when 987 is divided by 326.
9
Calculate the remainder when 53 is divided by 4.
1
What is the remainder when 498 is divided by 240?
18
Calculate the remainder when 40223 is divided by 24.
23
Calculate the remainder when 73 is divided by 17.
5
What is the remainder when 525 is divided by 171?
12
What is the remainder when 13542 is divided by 4511?
9
What is the remainder when 77 is divided by 39?
38
What is the remainder when 266 is divided by 138?
128
What is the remainder when 7651 is divided by 132?
127
What is the remainder when 540 is divided by 174?
18
What is the remainder when 407 is divided by 14?
1
What is the remainder when 5497 is divided by 117?
115
Calculate the remainder when 3007 is divided by 64.
63
Calculate the remainder when 1698 is divided by 51.
15
Calculate the remainder when 96 is divided by 59.
37
What is the remainder when 230 is divided by 61?
47
Calculate the remainder when 1286 is divided by 20.
6
Calculate the remainder when 7296 is divided by 20.
16
Calculate the remainder when 436 is divided by 22.
18
What is the remainder wh